25)/g)/(1/5878) prime?
True
Suppose -5*j - 3*n + 4 = 0, -6 = j - 0*j + 4*n. Let p be j/(-4) - (-342)/4. Let b = p - 11. Is b a composite number?
True
Suppose -21*b - 214399 + 1164292 = 0. Is b prime?
True
Suppose -u + 2*u - 3 = 0. Suppose u*a + 5*y = -0*y - 25, 0 = 5*a + 2*y + 10. Suppose a = -3*i - 3, -6494 = 3*x - 8*x - i. Is x a prime number?
False
Let u = -15277 + 29378. Is u composite?
True
Let g(l) = -4*l**3 + 4*l**2 - 3*l + 70. Let t be g(10). Let p = 5567 - t. Is p a prime number?
True
Let q(i) = i**3 + 17*i**2 + 6*i - 13. Let u be q(-16). Suppose 135 = 3*o + u. Is ((-10)/(-15))/(o/(-17778)) prime?
True
Is ((-133832)/28 + 0/2)/((-14)/98) composite?
True
Let v(o) = 180*o**2 - 18*o - 5. Is v(14) prime?
True
Let l be (1*-1)/(55/(-165)). Is 22185 - (-3 + 4) - l composite?
True
Is (10525900/231 - (-2)/(-6))/((-3)/(-9)) a prime number?
False
Let p = -91173 - -153350. Is p a prime number?
False
Is (7/21)/(1/6) + 11589 a composite number?
True
Let z(o) = 457*o**2 + 7*o + 5. Suppose 3*c - 3 = 3*y, 7*c + 19 = 2*c - 3*y. Is z(c) a prime number?
False
Let g(z) = z + 3. Let i be g(2). Suppose -3*y - 5030 = -4*u, -3*u - 1269 = -4*u - i*y. Is u composite?
False
Let q = -79 + 89. Is 1508 + 4/q*285/38 a composite number?
False
Let j = 10612 + -23379. Let l = -8658 - j. Is l a composite number?
True
Suppose p + 5 + 4 = 4*d, 4*p = 12. Suppose 2*l - d*l + 3*m + 11 = 0, 2*m + 9 = l. Is 6383/l - 8/(-20) prime?
True
Let n(y) = 47*y + 97. Let g be n(-2). Suppose -s - 4*k + 18 = -29, 0 = -3*s - g*k + 159. Is s composite?
True
Let t(k) = 255*k - 67 - 293*k + 442*k. Suppose 0 = 2*a - 2*y - 8, -2*y - 22 = -4*a - y. Is t(a) composite?
False
Let b(a) = a**3 + a**2 - a - 1. Let x(w) = -4*w**3 - w**2 - 9*w + 9. Let f(c) = -5*b(c) - x(c). Let g be f(-5). Is (-6426)/g - (-2)/(-14) prime?
True
Suppose -2*r + 975 = -2219. Let y be 2 + (4 - 3)*r. Suppose -2*h + k = -y, 5*k + 29 = 4. Is h a prime number?
True
Let q be 35/30 + 2*(-3)/36. Is 8 + (-4)/q - (1 + -208) a prime number?
True
Let o = -30297 + 80554. Is o a composite number?
True
Let u(m) = 5*m**2 + 22*m + 31. Let a be u(-13). Suppose 596*f = a*f + 64026. Is f a composite number?
True
Is 20*(-108624)/(-279)*(-12)/(-10) + -1 composite?
False
Is (2/(-1))/(((-57)/(-482239))/((-6)/4)) a prime number?
False
Let w be 3/(-2)*(-230)/15. Suppose 28*f - w*f = 9115. Is f a prime number?
True
Let c = 187 - 151. Let f be (3/(18/(-4)))/((-8)/c). Suppose f*l = -4*u + 898, 5*u + l + 3*l = 1123. Is u composite?
False
Let z(i) be the first derivative of i**3/3 + 5*i**2 + 56*i - 225. Is z(21) prime?
False
Let m(j) = 19012*j - 12253. Is m(61) a prime number?
False
Suppose -139*j + 272*j + 834211 = 134*j. Is j prime?
False
Let i(u) = 1639*u**2 + 66*u + 385. Is i(-12) a prime number?
False
Suppose -u + 269255 = -f, -3*u + 10*f = 12*f - 807775. Is u composite?
False
Let l be 16/(-10)*(0 - -2)*-45. Suppose l = -3*c + 2877. Is c composite?
False
Suppose -9*c = -11*c + 616. Suppose 3*s = 2*x - c, -5*x + 10*s - 5*s = -775. Is x a prime number?
True
Suppose -4*v = -4*r + 120, 0 = 3*v + 2*r + 26 + 44. Let k be (2/(-3))/(v/(-39)). Is k + -1 - (-6 - 405) a prime number?
True
Let d(y) = 225*y + 53. Let t = -75 + 89. Is d(t) a prime number?
True
Suppose 3*o + 5*h = 121, -4*o + 51 = 2*h - 87. Let u = o - -743. Suppose 5*c = 520 + u. Is c a composite number?
True
Suppose 5*l = 6*l - 3*p - 18, -11 = 3*l + 4*p. Suppose 689 = l*v - 20296. Is v a prime number?
False
Is ((-15)/78)/(68/(-54079176)) + 2/13 composite?
False
Let m(g) = -142*g**2 - 41*g + 233. Let d(r) = 213*r**2 + 61*r - 349. Let v(c) = 5*d(c) + 7*m(c). Is v(7) composite?
False
Let y = 288905 - 203016. Is y a prime number?
True
Suppose 0 = -5*c - 20, -4*c = -5*n + 142 - 56. Suppose -n*o + 11 = -13*o. Suppose o*r - 9*r = 7294. Is r prime?
False
Suppose -4*k = -r - 8, 0 = -4*r - 0*k + 5*k + 1. Suppose 1534 = 9*s + r*s. Is s prime?
False
Let d(b) = -4*b**3 + b**2 - 5*b + 4. Let j be d(3). Let u be 20/j - (-17822)/11. Suppose -6*a + u = -a - 5*y, a - 2*y = 329. Is a a composite number?
True
Is ((-828442)/(-48) - 50/(-400))/((-2)/(-3)) composite?
False
Let z = 202872 - 53499. Suppose -4*l - z = -13*l. Is l composite?
True
Suppose 2*i - 18225 = i + 5*n, -91167 = -5*i + 4*n. Suppose -47*d + 54*d - i = 0. Is d prime?
False
Suppose -4*p + 599799 = 3*y - 250588, 2*p = 2*y + 425204. Is p a prime number?
False
Let n be (16/(-6))/((-5)/90). Suppose 50*t - 2452 = n*t. Suppose -t + 227 = -9*q. Is q composite?
True
Let g(o) = -o**3 + 8*o**2 - 8. Let s be g(8). Let d(w) = -22*w - 17 - 67*w - 18. Is d(s) composite?
False
Let u be (-88)/6*9/2. Let y(t) = 525*t**2 - 16*t - 8. Let z be y(-2). Is (z/54)/((-4)/u) a prime number?
False
Let b = -76 + -981. Let t(w) = 104*w - 42. Let n be t(-6). Let g = n - b. Is g a composite number?
True
Suppose 45*c = 40*c. Suppose c = 44*y + 43228 - 661736. Is y prime?
True
Let x(l) = -19*l + 2. Let f be x(-1). Let d = f + 0. Let v(q) = q**3 - 21*q**2 + 35*q - 16. Is v(d) a composite number?
False
Suppose -13*z + 4098 = -4274. Suppose -z = -3*w + 763. Is w prime?
False
Suppose 2*r - 3*s - 301190 = 0, 13*s = r + 15*s - 150623. Is r composite?
False
Let x(v) = 614*v - 27. Suppose -1309 + 339 = -10*c. Let h = c - 90. Is x(h) a composite number?
False
Suppose 3*q = -2*h + 1, 2*q - 3*q - h = 1. Suppose -5*j + 4*f + 12995 = 674, j = q*f + 2473. Is j prime?
False
Let g(m) = 4*m**2 + 29*m + 28. Let o = 238 + -247. Is g(o) a prime number?
False
Let m(v) = 589*v**3 - v**2 - 7*v + 72. Is m(5) prime?
True
Let x = 15 + 7. Let v = -22 + x. Is 1055 - (-2 - -2 - v) composite?
True
Let o(p) = p + 56. Let l be o(-38). Is (((-438288)/l)/(-4))/((-2)/(-3)) a composite number?
True
Suppose 0 = -5*k + 5*i + 12902320, 0 = 2*k + 5*i - 2374564 - 2786315. Is k composite?
True
Let s = 141 - 152. Let l(j) = 54*j**2 - 22*j - 45. Is l(s) composite?
True
Let p(g) = -37*g - 1. Suppose -3*x - 2*x = -2*u + 10, -x + 2*u = 2. Let w be p(x). Suppose 0 = 4*s - 771 - w. Is s a prime number?
True
Let y = -161 + 141. Let w(b) = 7*b**2 + 6*b + 87. Is w(y) prime?
True
Let x(c) = 138203*c**2 + c + 3. Let b be x(2). Is 4/5 - b/(-335) prime?
False
Suppose 2*g + 2*g - 5*i - 66198 = 0, -2*g - 2*i + 33090 = 0. Is g prime?
True
Let d = -210 - -213. Suppose -5*c - 221 = -6*c - 5*g, c = d*g + 205. Is c composite?
False
Let y = 41242 + -28004. Is y prime?
False
Let n be (-225)/6*6/30*-8062. Suppose 12155 = 4*o - n. Is o a composite number?
True
Let s(y) be the third derivative of y**6/120 + 17*y**5/60 + 2*y**4/3 - y**3/6 + 59*y**2. Is s(-12) prime?
False
Let k = -195505 + 345498. Is k prime?
True
Let v be 2*3*2 + (47 - 47). Suppose -v*g + 15108 = -21096. Is g a composite number?
True
Suppose -g + 148742 = 2*i, g + 223103 = 132*i - 129*i. Is i composite?
True
Let m be (-135)/(-25) - 2 - 52/130. Let a(w) = -4*w**2 + 3 + 68*w**3 - 1 - w + 2. Is a(m) composite?
False
Is 127/508*146468/(-6)*-6 prime?
False
Suppose 0 = -28*q + 27*q + 8714. Suppose 3*f - f = -q. Let z = 7512 + f. Is z a composite number?
True
Suppose 10*t + 317010 - 1225359 - 541261 = 0. Is t a prime number?
True
Let p(f) = -80*f**3 - f**2 + 46*f + 18. Is p(-7) composite?
True
Let j = -91 + 86. Let g be (-5)/((-50)/4) - 18/j. Suppose 2*x + 8354 = g*x. Is x composite?
False
Let x(l) = -215*l - 59. Let z(f) = -432*f - 117. Let c(o) = -13*x(o) + 6*z(o). Is c(18) a prime number?
True
Let n = 7 + -8. Let r(f) = 0 - 284*f - 1339*f + 4 - 411*f - 415*f. Is r(n) a prime number?
False
Is 206061/(-27)*-3 - 12/(-9) a prime number?
False
Let t be 12/(5/(8 - -2)). Suppose t*n = 26*n + 18. Is 2274/n*(-2 + (-4)/(-8)) a prime number?
True
Let a be ((2 - 1) + 0)*(-5 - 20). Let m = 27 + a. Suppose -1684 + 110 = -m*r. Is r a composite number?
False
Suppose 3*l + 5*u + 17 = -6, -u = -4*l - 23. Is l - -2 - (-11880)/8 prime?
True
Suppose 101*s - 102*s - 2*b + 20599 = 0, -4*b = -5*s + 102953. Is s prime?
True
Let v = -20914 - -41621. Is v composite?
False
Is (80 + 55581)/((-6)/(-3) - (1 - 0)) a prime number?
True
Suppose -68*r - 51040 = -64*r. Let j = r + 21467. Is j a prime number?
True
Let k = 19 + 35. Suppose 50*q - k*q = -6164. Is q a composite number?
True
Is 2535/(-25)*-466 - 14/10 a prime number?
True
Suppose -1964524 + 749611 = -5*g + 4*b, 0 = 5*b + 10. Is g prime?
False
Let k = -7333